*2 - 6*z - 13. What is y(-3)?
-4
Let b(m) = -m**2 + 17*m - 5. Determine b(15).
25
Let g(k) = k**2 + 3*k + 4. Calculate g(0).
4
Let b(x) = 2*x**3 + 10*x**2 - 18*x - 105. What is b(-4)?
-1
Let y(u) = 2*u**2 + 10*u + 9. Determine y(-4).
1
Let j(p) = -2*p**2 - 42*p + 51. What is j(-22)?
7
Let v(t) = -t**3 + t**2 - 22. Calculate v(0).
-22
Let m(w) = -9*w + 1. Give m(1).
-8
Let t(q) = -2*q - 9. Give t(8).
-25
Let x(t) = 9*t + 47. Calculate x(-7).
-16
Let p(z) = z - 7. What is p(11)?
4
Let m(w) = 3*w**2 - 2*w. Calculate m(2).
8
Let q(x) = 5*x. Give q(1).
5
Let k(z) = z**3 - 11*z**2 + 16*z - 105. Determine k(10).
-45
Let g(h) = h**3 + 4*h**2 - 2*h - 3. Give g(-4).
5
Let j(p) = -31*p - 341. What is j(-11)?
0
Let f(r) = -r**3 + r**2 + 2*r - 1. Give f(-2).
7
Let p(s) = 7*s**2 - 11*s + 26. Give p(3).
56
Let x(z) = -z - 12. Calculate x(-9).
-3
Let k(f) = -4*f**2 + 4*f - 3. Calculate k(3).
-27
Let z(g) = -g**3 + 10*g**2 + 11*g - 173. Determine z(9).
7
Let m(p) = 14*p - 12. Calculate m(2).
16
Let j(g) = -5*g - 81. Determine j(-17).
4
Let d(k) = 2*k**2 + 5*k - 3. Give d(-4).
9
Let s(j) = j**3 + 6*j**2 - 3*j + 7. Calculate s(-6).
25
Let u(t) = -t**3 + 26*t**2 + t - 44. Determine u(26).
-18
Let a(j) = 4*j**2 - 20*j - 3. Determine a(5).
-3
Let g(p) = 3*p + 15. Determine g(-21).
-48
Let c(l) = l - 12. Give c(6).
-6
Let m(w) = 29*w + 1. What is m(-2)?
-57
Let j(h) = 52*h - 166. What is j(3)?
-10
Let b(c) = 4*c**3 + 2*c**2 + 3*c - 4. Give b(-3).
-103
Let c(i) = 6*i + 25. Give c(-5).
-5
Let i(d) = 2*d**2 - 10*d - 11. Calculate i(6).
1
Let z(s) = s**3 + s**2 - 6*s + 5. Determine z(2).
5
Let c(f) = 42*f + 927. Calculate c(-22).
3
Let r(x) = x**2 - 4*x - 32. Determine r(-5).
13
Let p(y) = 2*y**2 + 2*y - 1. What is p(0)?
-1
Let f(g) = -g**3 + 14*g**2 + 19*g + 26. Calculate f(15).
86
Let u(a) = a - 16. Calculate u(-6).
-22
Let p(q) = 11*q + 21. Determine p(-1).
10
Let i(q) = -q**3 + q**2 - 2*q + 6. Calculate i(0).
6
Let d(r) = -r**3 - 7*r**2 - 2*r + 1. Give d(-7).
15
Let s(i) = i**3 - 8*i**2 + 2*i - 14. What is s(8)?
2
Let c(s) = -s**3 - s + 18. Determine c(0).
18
Let a(v) = v**3 - 7*v**2 + 7*v - 9. Calculate a(6).
-3
Let k(d) = -d**3 - 7*d**2 + d - 6. Determine k(-7).
-13
Let q(o) = o**3 - 5*o**2 + 2*o - 6. What is q(0)?
-6
Let u(d) = -d**3 - 2*d**2 + 17*d + 44. What is u(-4)?
8
Let z(r) = r**3 - 9*r**2 + 8*r - 8. Determine z(8).
-8
Let z(c) = -c**3 + 6*c**2 + c + 4. Give z(5).
34
Let n(f) = 22*f + 11. Give n(-6).
-121
Let t(i) = -i**3 + 10*i**2 - 19*i + 83. Determine t(9).
-7
Let r(h) = h**2 + 5*h - 29. Determine r(3).
-5
Let c(s) = -s**3 + 2*s**2 + 8*s - 2. Determine c(4).
-2
Let u(i) = -i**2 - i. Give u(-3).
-6
Let q(o) = -14*o + 1. Give q(-1).
15
Let b(v) = -v**3 - v**2 - v - 32. Give b(0).
-32
Let h(o) = -5*o - 11. Give h(-2).
-1
Let d(j) = j**2 + 13*j - 7. Give d(-14).
7
Let w(h) = 2*h**2 + 22*h - 42. Determine w(-12).
-18
Let s(t) = t**3 + 4*t**2 + 12*t + 10. Determine s(-4).
-38
Let p(c) = -2*c**2 - 23*c + 18. Give p(-13).
-21
Let v(f) = -f**2 - 4*f + 9. What is v(-5)?
4
Let c(f) = -f**2 - f + 11. Determine c(0).
11
Let v(o) = -o**3 - 7*o**2 + 13*o + 16. Calculate v(-9).
61
Let c(z) = -z**3 - z**2 + 7*z + 1. What is c(3)?
-14
Let q(c) = -2*c**3 + 12*c**2 + 14*c - 7. Determine q(7).
-7
Let c(y) = y**3 - 4*y**2 - 9*y + 12. Give c(5).
-8
Let t(q) = q**2 - 29. Calculate t(0).
-29
Let q(g) = -g**3 + g**2 + 6*g - 10. Give q(4).
-34
Let l(g) = -g - 6. Calculate l(-2).
-4
Let w(i) = i**2 + 27*i - 117. Determine w(-31).
7
Let b(i) = i - 7. Give b(4).
-3
Let v(a) = -11*a + 1. What is v(1)?
-10
Let b(z) = -9*z**2 + 152*z + 6. Calculate b(17).
-11
Let a(p) = -4*p + 73. Determine a(19).
-3
Let w(g) = -2*g**2 - 3*g - 3. What is w(-3)?
-12
Let p(t) = 16*t**2 - 4*t + 2. Determine p(1).
14
Let g(x) = 2*x**2 - 24*x + 28. Determine g(11).
6
Let z(u) = -u**3 + 10. Give z(0).
10
Let m(c) = -3*c**2 - c. Calculate m(-1).
-2
Let z(b) = 60*b - 16. Calculate z(2).
104
Let b(u) = -u**2 - 5*u + 1. Calculate b(-3).
7
Let l(f) = -4*f - 31. Calculate l(-9).
5
Let w(t) = -20*t - 155. Determine w(-8).
5
Let n(q) = -q**3 - 6*q**2 + 5*q - 85. Calculate n(-8).
3
Let g(b) = -b**3 + 12*b**2 + b - 17. Determine g(12).
-5
Let r(x) = x**3 - 2*x**2 + 6*x. Give r(0).
0
Let y(m) = 5*m**2 - 50*m + 7. Determine y(10).
7
Let k(l) = -3*l - 39. Determine k(-9).
-12
Let m(a) = -a**3 - 8*a**2 + 10*a + 7. What is m(-9)?
-2
Let p(b) = 4*b + 14. Calculate p(-6).
-10
Let u(h) = h**3 + 10*h**2 - h + 1. Give u(-10).
11
Let y(i) = i**2 + 5*i + 112. What is y(0)?
112
Let b(k) = 7*k**2 - 2*k - 1. Calculate b(-1).
8
Let h(i) = 12*i - 683. What is h(57)?
1
Let b(l) = -l**2 - 11*l - 16. What is b(-2)?
2
Let n(z) = -10*z - 75. Give n(-7).
-5
Let u(z) = -z**3 - 7*z**2 + 9*z + 11. What is u(-7)?
-52
Let x(a) = a**3 - 3*a - 31. What is x(0)?
-31
Let g(s) = -s**3 - 8*s**2 - 8*s - 5. Give g(-5).
-40
Let d(j) = -15*j + 3. What is d(-1)?
18
Let r(t) = -4*t**3 - 2*t + 3. Determine r(1).
-3
Let v(q) = q**3 + 11*q**2 + 11*q - 1. Calculate v(-10).
-11
Let r(k) = 15*k - 1. Give r(5).
74
Let m(n) = 14*n + 12. Give m(-3).
-30
Let p(w) = -w**2 - 3*w + 8. Calculate p(2).
-2
Let c(p) = p**3 + 7*p**2 - 14. What is c(-7)?
-14
Let y(c) = c**3 - 11*c**2 + 3*c + 8. What is y(5)?
-127
Let u(a) = 9*a + 136. Calculate u(-15).
1
Let l(m) = -m**2 - 10*m - 13. What is l(-8)?
3
Let j(o) = -3*o**2 - 4*o - 3. Give j(-5).
-58
Let c(a) = -a**2 + a - 2. Give c(5).
-22
Let d(t) = t**3 + 3*t**2 - 1. Give d(-3).
-1
Let g(v) = -v**2 - 13*v + 116. Calculate g(6).
2
Let o(b) = -30*b + 108. Give o(4).
-12
Let i(r) = -r**3 - 13*r**2 - 11*r + 5. Calculate i(-12).
-7
Let v(r) = r**3 + 4*r**2 - 5*r + 8. What is v(-5)?
8
Let x(d) = -2*d**3 + 11*d**2 + 8*d + 11. What is x(6)?
23
Let p(l) = -l**2 + 13*l - 19. Calculate p(8).
21
Let p(g) = 16*g**2 - 4*g - 25. Give p(-3).
131
Let t(o) = o**3 + 11*o**2 + 13*o + 25. Determine t(-10).
-5
Let t(j) = -8*j - 1. What is t(-4)?
31
Let x(v) = -19*v**2 - 3*v. What is x(-1)?
-16
Let x(z) = 10*z + 32. What is x(5)?
82
Let n(d) = 5*d**2 + 8*d - 4. Calculate n(-4).
44
Let o(u) = -4*u + 106. What is o(28)?
-6
Let r(j) = -7*j - 55. Determine r(-9).
8
Let o(k) = -k**2 - 8*k - 3. What is o(-6)?
9
Let l(r) = -20*r - 224. Determine l(-11).
-4
Let x(p) = 2*p**2 - 61*p - 93. Calculate x(32).
3
Let x(j) = j**2 - 11*j + 5. Determine x(11).
5
Let r(u) = 78*u - 933. Give r(12).
3
Let r(q) = q**3 - 7*q**2 + 6*q + 8. Determine r(6).
8
Let g(b) = -b**2 + 6*b + 3. Calculate g(6).
3
Let j(d) = 9*d + 64. Determine j(-7).
1
Let y(k) = -7*k**3 + 2*k**2 - 2*k + 1. Determine y(1).
-6
Let g(i) = i**2 - 15*i - 8. What is g(11)?
-52
Let p(i) = -i**3 + 7*i**2 + 18*i + 4. Give p(9).
4
Let z(i) = -2*i - 13. What is z(-4)?
-5
Let a(h) = h**3 - 3*h**2 - 4. Determine a(4).
12
Let v(n) = -n**2 + 20*n - 44. What is v(18)?
-8
Let d(j) = 4*j**2 - 2*j - 1. Calculate d(-1).
5
Let n(l) = -3*l**2 - 2*l - 2. Give n(-1).
-3
Let y(n) = n**3 - 7*n**2 + 5*n + 18. Give y(3).
-3
Let w(b) = -15*b - 810. What is w(-54)?
0
Let m(i) = i + 17. Calculate m(-9).
8
Let o(y) = -7*y - 36. Give o(-9).
27
Let p(f) = 15*f - 396. Determine p(26).
-6
Let p(o) = -8*o**2 - 13*o - 1. Calculate p(-2).
-7
Let y(k) = -400*k + 2002. Give y(5).
2
Let j(b) = -b**3 - 8*b**2 + b + 78. Give j(-6).
0
Let v(f) = -f**2 + 11*f - 8. Determine v(6).
22
Let c(g) = -8*g - 49. Determine c(-7).
7
Let r(w) = 8*w + 74. What is r(-10)?
-6
Let q(f) = f**3 + 6*f**2 - 13*f - 86. Determine q(-6).
-8
Let i(b) = -b**2 - 20*b + 41. Give i(-22).
-3
Let s(u) = -47*u + 2. Determine s(-2).
96
Let f(s) = s**2 - s - 3. Calculate f(3).
3
Let f(j) = j**3 - 5*j**2 - 6*j - 13. Determine f(6).
-13
Let c(x) = x**2 + 14*x + 46. Determine c(-8).
-2
Let d(k) = 4*k - 16. Determine d(7).
12
Let x(g) = -3*g**2 - 1. What is x(5)?
-76
Let r(m) = -m**3 + 4*m**2 + 6*m + 3. Calculate r(5).
8
Let w(v) = -v**2 + 3*v - 3. Calculate w(5).
-13
Let g(i) = -4*i**2 - 25*i - 29. Determine g(-5).
-4
Let n(z) = -14*z - 30. Calculate n(0).
-30
Let z(j) = 11*j + 11. Give z(2).
33
Let l(a) = -2*a**2 + 35*a + 2. Determine l(18).
-16
Let h(v) = -v**3 - 4*v**2 + v + 5. Give h(-4).
1
Let r(z) = 18*z - 109. Give r(6).
-1
Let x(f) = -3*f - 13. What is x(9)?
-40
Let a(y) = -53*y + 372. Calculate a(7).
1
Let i(b) = b**2 - 3*b + 5. What is i(7)?
33
Let d(q) = -q**3 - q